ose 2*s = -2*s + 4. What are the prime factors of i(s)?
2, 11
Let v be (-4 - -22)*(-2)/3. Let q(n) = -n**2 - 13*n - 5. Let p be q(v). Suppose 0 = -r - p + 57. What are the prime factors of r?
2, 5
Let z(m) = -7*m + 7 - 54*m**2 + 15*m**2 + 22*m**2 + 18*m**2. What are the prime factors of z(19)?
5, 47
Suppose 59*i + 9*i - 171564 = 0. What are the prime factors of i?
3, 29
Suppose 0 = 2*z - 1 - 9. Suppose 12 = l - 4*c, -2*l = -7*l - z*c - 15. Let j = 23 + l. What are the prime factors of j?
23
What are the prime factors of (1170/21)/3*7?
2, 5, 13
Let w be 11/(((-10)/4)/5). List the prime factors of 944/10 + -1 + w/55.
3, 31
Let x = -455 - -1245. What are the prime factors of x?
2, 5, 79
Let u be 12/(-14)*126/(-27). Suppose 3*v - u*d = -v + 96, 0 = 3*v + d - 84. Suppose v*w - 22*w = 10. List the prime factors of w.
2
Let b(k) = -k**2 - 4*k - 14. Let y(u) = -3*u**2 - 13*u - 41. Let n(l) = -17*b(l) + 6*y(l). Let q be n(-7). Let c = 32 - q. List the prime factors of c.
19
Suppose 6*f + 133 - 1465 = 0. What are the prime factors of f?
2, 3, 37
Suppose 2*d = 4*y + 22 + 14, 9 = -y + 2*d. Let x = y + 9. What are the prime factors of 53 + x - (0 - -1)?
2, 13
Let w = 2 + 1. Let u(y) = -y + 9. What are the prime factors of u(w)?
2, 3
Suppose 3*f = h + 4*h + 215, 0 = 3*h + 3. What are the prime factors of f?
2, 5, 7
Let m be 1/4*1838 + (-3)/6. Suppose 3*c + 2*j = m, 459 = 3*c + 2*j - 6*j. List the prime factors of c.
3, 17
Suppose -5*k = -i + 737, -4*k = 3*i - 510 - 1625. List the prime factors of i.
3, 239
Let l(v) = v**3 + 10*v**2 - 11*v + 17. Let b be 42/(-3) + 10 + -5. List the prime factors of l(b).
197
Let i(k) = -k**3 + 12*k**2 - 3*k + 7. What are the prime factors of i(5)?
167
Suppose -7*u + m + 3088 = -4*u, -m - 2059 = -2*u. What are the prime factors of u?
3, 7
Let v(g) = 4150*g + 2. List the prime factors of v(1).
2, 3, 173
Let j = 496 + 282. List the prime factors of j.
2, 389
Suppose s + 4 = -3*o, 2*o + 9 + 1 = 0. Let q(f) = -f + 31. What are the prime factors of q(s)?
2, 5
Let u be (-1)/(-4 + (-18)/(-4)). Let t = 59 + u. List the prime factors of t.
3, 19
Let i(q) = q**2 + 2*q - 1. Suppose -2*u = -0*u - 2. Let z be i(u). Suppose 0 = z*m + 3*m - 35. List the prime factors of m.
7
Let l(p) = -5*p - 11. Let d be l(-4). Suppose -257 = -d*t + 85. What are the prime factors of t?
2, 19
Let t(v) = 9*v**2 - 2*v**3 + 2*v + 8*v**3 - 9 - 5*v**3. List the prime factors of t(-8).
3, 13
Suppose 0*u - 24 = -4*u. Suppose -2*p = -2*a - u*p + 54, 12 = -3*p. Let s = -21 + a. List the prime factors of s.
2, 7
Suppose 19 = 5*p + 4. Let d(a) = 0*a**2 - a + 2 + a**2 + 0*a**2. What are the prime factors of d(p)?
2
Let z(x) = 3*x**2 + 11*x + 17. Suppose -2 = -3*h + 16. List the prime factors of z(h).
191
Let d(c) = -c**3 + 2*c**2 + 3*c - 4. Let o be d(2). Let v(i) = 9*i**3 - 3*i**2 + 1. List the prime factors of v(o).
61
What are the prime factors of 2/(19700/2462 + -8)?
1231
Let o(s) = 3 - 4 + 0. Let d(z) = -37*z**2 - 7. Let u(n) = -d(n) + 6*o(n). What are the prime factors of u(1)?
2, 19
Suppose -4*z + y + 196 = 0, -60 = -2*z - 5*y + 38. What are the prime factors of (-2 - 2 - z)/(-1)?
53
Suppose 4*k - 5658 = -37*k. List the prime factors of k.
2, 3, 23
Let u be 4 + ((-1476)/(-21) - (-6)/(-21)). Suppose 0 = -75*q + u*q + 67. What are the prime factors of q?
67
What are the prime factors of 1535/10*(-4)/(-2)?
307
Let v(y) = y**2 + 5*y + 6. Let d be v(-3). Let s(x) = 6*x - 6. Let u be s(6). Let z = u + d. List the prime factors of z.
2, 3, 5
Let r = 753 + 11. What are the prime factors of r?
2, 191
List the prime factors of (1 + (-9)/(-6))/(3/18).
3, 5
Let o be (5 - (-2)/(-1)) + 21. Let l = o + -22. Suppose 4*w - 51 = a - l*a, 0 = -2*w + 3*a + 43. What are the prime factors of w?
2, 7
Let j(k) be the first derivative of k**2/2 + 69*k + 30. List the prime factors of j(23).
2, 23
Suppose -2*p = -6, -2*p - 2769 = -5*s + 3525. Let k be s/(-27)*(-30)/8. Suppose k = 6*d - d. What are the prime factors of d?
5, 7
Suppose 0 = d + 5*l - 1245, 5*l = d - 3*d + 2505. List the prime factors of d.
2, 3, 5, 7
Let m(p) = -1055*p + 20. List the prime factors of m(-1).
5, 43
Let a(n) = 21*n**2 - 6*n - 54. What are the prime factors of a(-7)?
3, 113
Suppose 0*x - 14 = 3*o - 5*x, -26 = -5*o - 4*x. Suppose l + o = 2*l. What are the prime factors of 40/2 + -3 - l?
3, 5
Let d = 1565 - 90. What are the prime factors of d?
5, 59
Let s = 82 + -200. Let c = 196 + s. Suppose -4*b = h - 54, 0*h - 2*b + c = 2*h. What are the prime factors of h?
2, 17
Let r be 2/4 + 2/(-4). Let w = 29 + -26. What are the prime factors of (-87)/(-9)*w - r?
29
Let t = -111 - -93. What are the prime factors of (-674)/(-4) - (t/(-4) - 4)?
2, 3, 7
What are the prime factors of ((-14210)/(-7) - -4)*(-2)/(-3)?
2, 3, 113
Let m(k) = -14 - 7*k - 2 + k**2 - 3 + 7. List the prime factors of m(-6).
2, 3, 11
Suppose 2*c = m + 2413, -2062 = 3*c - 2*m - 5683. What are the prime factors of c?
5, 241
Suppose -2*t = 3*m - 74, 5*m - 3*t - 58 = 3*m. Suppose -4*s + 330 = -m. List the prime factors of s.
89
What are the prime factors of ((-10428)/(-48))/((-1)/(-4))?
11, 79
Let l(w) = 246*w**2 + 14*w - 8. What are the prime factors of l(2)?
2, 251
Let o(b) = -b + 38. Let l(u) = 3*u - 115. Let r(x) = 2*l(x) + 7*o(x). What are the prime factors of r(7)?
29
Let a = -64 - -34. Let c = 23 - a. Let t = c - 33. What are the prime factors of t?
2, 5
Suppose -1789 - 4076 = -23*w. List the prime factors of w.
3, 5, 17
Suppose 2*t - 8270 = -2*k, 3*k - 179 = -167. List the prime factors of t.
3, 17
Suppose -5*y + 54 - 19 = 0. Let n = 20 - y. List the prime factors of n.
13
Let v(t) = -t**2 - 51*t - 333. What are the prime factors of v(-37)?
5, 37
Let n = 1578 + -821. What are the prime factors of n?
757
Suppose 323 = 5*w - 2*r, r = 3*w - 4*r - 209. List the prime factors of w.
3, 7
Suppose 0 = -x - 3*x - 3*v - 1, 12 = 3*x - 2*v. Suppose 2*b + 2*n - 52 = 0, -3*b + 0*b = -x*n - 78. List the prime factors of b.
2, 13
Let l be 12 - 12 - (1 + -230 + -1). Suppose 0 = 3*u - 8*u + l. List the prime factors of u.
2, 23
Let y = 45 + -45. Suppose y = -22*s + 17*s + 10. List the prime factors of s.
2
Let n(t) be the second derivative of -7*t**5/5 + t**3/3 + t**2/2 + 5*t. Let y be n(-1). Let z = y - 2. List the prime factors of z.
5
Let z = 71 - 99. List the prime factors of ((0 - -1)*-58)/(7/z).
2, 29
Suppose -4*k + 8 = 0, 1950 + 485 = 5*j - 5*k. List the prime factors of j.
3, 163
Let u = 32 + -28. Suppose -5*v + 1242 = u*v. What are the prime factors of v?
2, 3, 23
Suppose 2 = 5*v + 7. Let a(i) = -24*i**3 + i**2. What are the prime factors of a(v)?
5
Let h(d) = 47*d + 6. Let x(c) = 1. Let n(l) = -h(l) + x(l). What are the prime factors of n(-1)?
2, 3, 7
Suppose 7*q - 20793 = -22*q. List the prime factors of q.
3, 239
Suppose 320 - 3314 = -6*i. What are the prime factors of i?
499
Let w be (6/(-5))/((-5)/(-25)). What are the prime factors of ((-126)/49)/(w/196)?
2, 3, 7
Let x = 768 - 479. What are the prime factors of x?
17
Let b = -832 + 1543. What are the prime factors of b?
3, 79
Let j(n) = 2*n**2 - 38*n + 24. Let u be j(18). Suppose 3*z + 2*l = -8, 0 = -3*z - 4*l + 4 - 2. What are the prime factors of (-170)/z + (-8)/u?
29
Suppose -j + 400 = -3*f, 0*f = -2*j - f + 772. Suppose -5*z + z + j = -4*y, 3*z - 5*y = 301. List the prime factors of z.
2, 23
Let h(p) = -315*p**3 + 4*p**2 + p - 8. What are the prime factors of h(-2)?
2, 3, 421
Suppose -2*k + 2*d + 6 = -6*k, 5*k = 3*d + 9. Suppose 4*p = -k*p. Let s(c) = -c**3 + c**2 + c + 16. What are the prime factors of s(p)?
2
What are the prime factors of ((-13981)/124)/(2/(-16))?
2, 11, 41
Let w be 916/10 - (-6)/15. Suppose -8 = -2*s + w. Let t = -33 + s. List the prime factors of t.
17
Let m(j) be the third derivative of -j**4/6 - 16*j**2. What are the prime factors of m(-14)?
2, 7
What are the prime factors of (-5112)/(-10)*(310/(-20) + 18)?
2, 3, 71
Suppose 0 = -4*i - 6 - 18. Let b = i - -12. List the prime factors of b.
2, 3
Let y be (-7)/(-2) - 1/(-2). Suppose -4*m + 16 = 0, 0*m - 4 = y*z + 2*m. Let o = -1 - z. What are the prime factors of o?
2
Let c(n) = 3*n**3 - 8*n**2 - 17*n + 15. List the prime factors of c(8).
3, 7, 43
Let x be (-6)/5*(-110)/(-33). Let j = x + -6. Let r = 6 - j. List the prime facto